s h(x)?
5
Suppose -5*o + 16 = -3*o. Suppose 3*t = -o - 1. Let c = t - 3. Let l(v) = -v**3 - 7*v**2 - 6*v + 6. Determine l(c).
6
Let u(b) = -2*b + 8. Let k be u(7). Let o(x) be the first derivative of 68 + 0*x + 2*x**3 - 1/2*x**2 + 1/4*x**4. Determine o(k).
6
Let u(t) = 8*t + 1. Let j be 2/((-4)/36*6). What is u(j)?
-23
Suppose -9*f - 18 = 36. Let y(o) = o**3 + 6*o**2 - o + 6. Determine y(f).
12
Let u(b) = 2*b**2 - 7*b - 40. Let d be u(7). Let n(k) = k**3 - 9*k**2 - 2*k + 19. Give n(d).
1
Let j(p) = -4*p + 2*p + 3*p. Let m be (42/105)/(((-1)/(-5))/(-1)). Determine j(m).
-2
Let x = 304 + -309. Let t(s) = s**3 + 3*s**2 - 6*s + 5. Calculate t(x).
-15
Let i(b) be the second derivative of b**3 + 1/2*b**2 + 0 + 10*b. Give i(1).
7
Suppose 5*o - 3*w = -20, -5 = -o - 4*o - 2*w. Let k(r) = 13*r**3 - r**2 - 2*r - 1. Give k(o).
-13
Let z(f) = f + f**2 - 1 - f - f**3. Let q(i) = -2*i + 15. Suppose -k - 50 = -57. Let h be q(k). Give z(h).
-1
Let s(m) = 66*m - 1 + m**2 - 1 - 75*m. Suppose -8 = 5*l - 5*c - 58, -26 = -3*l - c. What is s(l)?
-2
Let b(p) = -p**2 + 4*p - 7. Suppose 5*u - 30 = -0*w - w, -4*u + 24 = 3*w. What is b(u)?
-19
Let c be ((-1)/2)/((-315)/(-42) + -8). Let z(m) = m**3 - 2*m**2 + 2*m. Determine z(c).
1
Let q(c) = 304*c**2 - 305*c**2 + 57*c + 8 - 31*c - 31*c. Let v(g) = -g**2 - 3*g + 4. Let t be v(-5). Determine q(t).
2
Suppose 8 = 2*n + 3*j, -2*j = 4*n - 7*n + 12. Let y(d) be the second derivative of 2/3*d**3 + 0 - 7/2*d**2 + 1/12*d**n - 3*d. Give y(-6).
5
Let k(v) = -v + 5. Suppose -y + 0*y - 6 = 2*h, 2*y - 4*h = -12. Let u be (-10)/3*y/5. Let d be (0 + -4 + u)/1. Calculate k(d).
5
Let i = 212 + -208. Let v(z) be the second derivative of z**4/12 - z**3/6 - 5*z**2/2 + 2*z. Give v(i).
7
Let k(t) = t**3 - 6*t**2 - t + 2. Let r = -764 + 767. Determine k(r).
-28
Let w be -1*((-30)/21)/(4/(-14)). Let u(a) = -a**3 - 6*a**2 - 5*a + 6. What is u(w)?
6
Let z(l) = -6 - 9*l**2 + 0 - 139*l**3 + 140*l**3 + 4*l + 3*l**2 + l**2. Give z(4).
-6
Let f = -29 - -31. Let h(c) = -3*c**2 + 2*c**2 - 3 + c - 4*c + 2*c**f. Calculate h(4).
1
Let v(z) = 6*z**3 + z**2 - 3*z - 27. Let i(h) = 5*h**3 - h**2 - 2*h - 24. Let a(j) = -5*i(j) + 4*v(j). Determine a(9).
-6
Let f(c) = -c - 1. Let g = 59 + -50. Suppose 39*n = 36*n + g. Give f(n).
-4
Let n(b) be the second derivative of -1/6*b**3 + 22*b + 0 + b**2. Determine n(0).
2
Let q(g) be the second derivative of g**3/6 - 5*g**2 - 8*g + 43. Calculate q(22).
12
Let r(a) = -5*a + 42. Let p be r(8). Let k(q) be the first derivative of -5*q + p + 1/2*q**2. What is k(4)?
-1
Let w(j) = 4*j**3 + 2*j**2 + 13*j + 6. Let k(y) = 5*y**3 + 2*y**2 + 15*y + 7. Let t(o) = 5*k(o) - 6*w(o). Let b(m) = m + 2. Let z be b(-4). Give t(z).
-11
Let h(z) = -2*z - 4 - 5*z + z**2 + z. Let b(k) = 2*k - 1. Let f be b(3). Suppose -3*u = -r - 14, -4*r = -5*r - f. What is h(u)?
-13
Let i = 398 + 3. Let r(b) = 401 - i - b. What is r(-4)?
4
Suppose 2*v - 4*j = -7 + 1, 5*j = 15. Suppose f = 3*k + 8, v = -2*f - 3*k + 1. Let h(z) = 0*z**2 + 0 + 2 - 4*z**f + 8*z + 5*z**2. Give h(-7).
-5
Let s = 10 - 10. Suppose 5*v - 2*v + 8 = -n, v + n + 6 = s. Let j(o) = 0*o**2 + 3*o**2 + 1 - 1. Determine j(v).
3
Let y be 2/7 + 132/(-21). Let r = -4 - y. Let i(j) = -4*j**r - 3*j + 3 - 2 - j**2 - j**3 - 2. Determine i(-4).
-5
Let q(f) = f**3 + 7*f**2 - f - 1. Suppose -2*l = 26 - 98. Let m = 29 - l. Give q(m).
6
Let a(x) = -19*x + 1. Let l = 8 + -7. Calculate a(l).
-18
Let g be -7 - ((-64)/14 - (-45)/(-105)). Let y(q) = -2*q**2 + q. What is y(g)?
-10
Let q = -83 - -100. Let u(s) = -s**2 + 18*s - 18. What is u(q)?
-1
Let g(o) be the second derivative of -o**5/20 + o**4/6 + o**3/2 - o**2/2 - 42*o. Suppose -32 - 20 = -4*c. Suppose -3*j + c = 4. Give g(j).
-1
Let v = 1298 + -1280. Let m(r) = r**2 - 17*r - 15. Determine m(v).
3
Let o(y) = -y**2 - 9*y + 1. Let s be 3/((-52)/32 + 2). Suppose 0 = -4*z + 3 - 23. Let u(r) = -2*r**2 - 14*r + 1. Let w(c) = s*o(c) + z*u(c). Calculate w(3).
15
Let h(x) = -1069*x - 13 + 532*x + 540*x. What is h(7)?
8
Suppose -2*r + 2 = -2*x, -x + 0*r - 3*r - 9 = 0. Let i(a) = a**3 + a**2 + 3*a - 1. Let t(s) = -s**3 - 2*s**2 - 4*s. Let m(w) = x*t(w) - 2*i(w). Calculate m(-4).
-22
Let w(y) = 7*y**3 + y**2 + 9*y - 12. Let n(b) = -b**3 - b**2 - b + 2. Let g(k) = -5*n(k) - w(k). Determine g(2).
-6
Let i(m) = 2 + 6 - 4*m - 1 + 3*m**2 - 3. Give i(2).
8
Let y(h) be the third derivative of -h**8/20160 - h**7/2520 - h**6/720 - 2*h**5/15 - h**2. Let u(n) be the third derivative of y(n). Determine u(-2).
-1
Let w(l) = -3*l**3 - 8*l**2 - 6*l - 6. Let d(o) = 10*o**3 + 25*o**2 + 20*o + 17. Let t(n) = 2*d(n) + 7*w(n). Give t(-6).
4
Let q(n) = 39*n**3 - 6*n - 38*n**3 + 4*n. Let a be (1/(-3))/((-12)/72). Calculate q(a).
4
Let q(a) = -8*a**3 + 2*a - 1. Suppose 0 = -5*w - 8 + 3. Let k be 3 + -3*w/3. Suppose 1 + k = 5*b. Calculate q(b).
-7
Suppose 3 = 4*y - 3*a, -2*y - 3*a + 0*a = 21. Let b(n) = n**2 - 6*n - 26. Give b(y).
1
Let m(d) = -4*d - 136. Let g be m(-34). Let o(y) = 5*y**2 - 9*y**2 + 9 + y + 3*y**2. Calculate o(g).
9
Suppose 164*o = 174*o + 10. Let j(g) = -5*g**3 - 2*g**2 + g + 2. Determine j(o).
4
Let l(k) be the second derivative of -k**3/3 - 13*k**2 + 2*k - 1. Calculate l(-12).
-2
Let k(d) be the second derivative of -d**4/3 + 5*d**3/6 + 2*d**2 - 6*d. Let a(w) = 5*w**2 - 6*w - 3. Let t(j) = -5*a(j) - 6*k(j). Calculate t(0).
-9
Let z(v) = -v - 5. Let l(u) = u**2 - 34. Let s be l(-6). Suppose 6 = s*c - 5*k - 1, 4*c + 31 = k. Give z(c).
4
Let m(d) = d + 9. Let u be m(-6). Let t(y) = 10 + 0 - y**2 - 4 + 0 + u*y. Give t(5).
-4
Suppose 3*w = 8*w - 3*i - 11, -4*w - 5*i = 6. Let r(b) = 1 - 5 + 3*b + w + 2. Suppose 0 = -16*u + 13*u + 6. What is r(u)?
5
Let j = -386 + 7721/20. Let c(i) be the third derivative of -1/6*i**3 - 1/12*i**4 - j*i**6 + 0 - 1/30*i**5 + 6*i**2 + 0*i. Give c(-1).
5
Let g = 84 - 80. Let s(l) = 4*l + g*l - 1095 + 1096. Determine s(-1).
-7
Let g(q) = -5*q - 1. Let h = 125 + -131. Give g(h).
29
Let g(i) = -i**3 - 4*i**2 + i + 2. Let y be ((-6)/(-18))/((-2)/(-42)). Let q be 77/11 - (-1 + 3). Suppose -5 = -q*a, -y = 2*t - 0*a + a. Determine g(t).
-2
Let r(f) = -1. Let m(x) be the second derivative of x**3/6 - 3*x**2 - 15*x. Let v(q) = -m(q) - r(q). Determine v(6).
1
Let t(p) = -18 + 33 + 5*p**2 - 12 + 2*p**3 - 10*p. Let s(i) = 3*i**3 + 5*i**2 - 11*i + 2. Let l(z) = -3*s(z) + 4*t(z). What is l(4)?
-6
Suppose m + 3*f = 1, 2*m + 20*f = 18*f - 2. Let d(q) = 2 - 2*q - 4 - q. Calculate d(m).
4
Let h(n) be the first derivative of -n**4/12 + n**3/2 + 5*n**2/2 - 21. Let i(d) be the second derivative of h(d). Give i(8).
-13
Let v(w) = -w**2 + w + 6. Let s(l) = 190*l + 382. Let y be s(-2). Calculate v(y).
4
Let m(o) = 22*o + 16. Let s(z) = 7*z + 5. Let p(j) = -5*m(j) + 16*s(j). Suppose 9*n + 30 = 4*n. Let d be (3/n)/(4/40). What is p(d)?
-10
Let n(z) = -z**2 - 6*z + 3. Let c(f) = -4*f + 14. Let j = 58 + -53. Let i be c(j). What is n(i)?
3
Let u(j) be the first derivative of -j**4/4 + 22*j**3/3 + 4*j - 425. Give u(22).
4
Let o(y) = -y + 44. Let m be o(48). Let g(u) = u**2 + 4*u + 2. Calculate g(m).
2
Let w(c) = -7*c**2 - 9*c - 3. Let z(n) = 11*n**2 + 14*n + 4. Let t(a) = -8*w(a) - 5*z(a). Let f be t(-2). Let o(s) = s**3 - 4*s**2 - s + 1. What is o(f)?
-3
Let s(i) = -i + 8. Let u(q) = -3*q + 17. Let h(b) = 7*s(b) - 3*u(b). Let c(z) = -z - 3. Let j(y) = 11*c(y) + 6*h(y). Suppose 0 = 3*k + 9 + 6. Determine j(k).
-8
Suppose 0 = 13*a - 16 - 62. Let h(m) = a + 10 - 17 - 5*m. Calculate h(1).
-6
Let c(h) be the second derivative of h**3/3 + 6*h**2 - 2*h - 1. Determine c(-5).
2
Let i(u) = -u**2 + 8*u - 5. Let p(j) = j**3 + 4*j**2 + 4*j + 10. Let w = 95 - 98. Let s be p(w). What is i(s)?
2
Let z(c) = -2*c**3 + 12*c**2 + 9*c - 6. Let k(r) = 3*r**3 - 23*r**2 - 15*r + 11. Let b(d) = 3*k(d) + 5*z(d). Determine b(-9).
3
Let n(t) = t**2 + 2*t - 4. Let m be (-4)/(-1)*55/55. Let z = 19 - 2. Suppose -m*o - 3*c - 35 = o, -c - z = 3*o. Determine n(o).
4
Let b be (-1)/((-4)/(-24)) + -2. Let m(g) = g**3 + 7*g**2 - 9*g - 5. What is m(b)?
3
Let s(w) be the third derivative of -w**7/1680 + w**6/120 - 7*w**5/20 - 10*w**2. Let b(x) be the third derivative of s(x). Determine b(6).
-12
Let v(z) = -z**2 + 6*z. Let t be 34/(-4) + (-10)/20. Let o be 1 - (t + 5 + 0). Determine v(o).
5
Let n(h) = -232*h - 